01 prime?
False
Is 13855646839 a composite number?
True
Is 260278391 a composite number?
False
Is 7487634403 prime?
True
Is 41711809 a composite number?
False
Is 84056238049 composite?
True
Is 6239309 a prime number?
False
Is 1115306011 a composite number?
True
Is 3161518189 composite?
True
Is 97307081621 prime?
False
Is 15804627581 composite?
False
Is 9071022791 composite?
True
Is 211371443 a composite number?
False
Is 135946241 composite?
False
Is 10447066237 prime?
True
Is 31681313 a composite number?
True
Is 4512979 a composite number?
True
Is 78895196063 a prime number?
True
Is 15299918427 a composite number?
True
Is 2409603961 a composite number?
False
Is 4502570383 a composite number?
False
Is 89721884513 composite?
True
Is 205259149 a prime number?
True
Is 747629471 a prime number?
True
Is 1657446023 a prime number?
False
Is 139102133 a prime number?
True
Is 822923107 prime?
True
Is 97568893 composite?
True
Is 3854226697 a composite number?
True
Is 3684080459 composite?
False
Is 2324903651 composite?
True
Is 3427136543 prime?
False
Is 1167006299 a composite number?
True
Is 854992331 composite?
False
Is 10058499571 a prime number?
True
Is 200976073 a prime number?
True
Is 606478291 composite?
False
Is 8895392899 a prime number?
False
Is 1668326651 a prime number?
True
Is 24316687 prime?
True
Is 64020973693 a composite number?
True
Is 75969397321 a composite number?
True
Is 7904153561 a prime number?
True
Is 24622707047 composite?
False
Is 29898967781 composite?
True
Is 28289302579 a composite number?
True
Is 1061742193 a prime number?
False
Is 4371237229 a prime number?
True
Is 79492757999 prime?
False
Is 382925509 a prime number?
False
Is 320409263 a prime number?
False
Is 5376504946 composite?
True
Is 115482979 prime?
True
Is 390059717 prime?
True
Is 10665329849 a composite number?
True
Is 4863714319 composite?
True
Is 68138131 a prime number?
True
Is 16711131127 a composite number?
True
Is 17362922561 prime?
True
Is 2825744611 a composite number?
False
Is 506243107 a prime number?
False
Is 540288877 a composite number?
False
Is 26132532649 a composite number?
False
Is 791933977 a prime number?
False
Is 35936526463 prime?
True
Is 1908483331 prime?
True
Is 5115441107 a prime number?
False
Is 9031056581 a composite number?
False
Is 22476784853 a composite number?
True
Is 4482449453 composite?
False
Is 409480499 composite?
False
Is 713726003 composite?
True
Is 17163660097 composite?
True
Is 867237799 a composite number?
False
Is 20331143059 composite?
True
Is 8048546299 a composite number?
True
Is 8623120159 a composite number?
True
Is 115820064161 composite?
False
Is 19063054643 a composite number?
True
Is 2196638063 prime?
True
Is 74282035 prime?
False
Is 2072186761 a composite number?
False
Is 7050370673 composite?
True
Is 342243019019 prime?
False
Is 39513468097 prime?
True
Is 99984736591 a prime number?
True
Is 4971160319 a prime number?
True
Is 106123397513 prime?
False
Is 750544279 composite?
True
Is 408306841 composite?
True
Is 2024319169 composite?
False
Is 7318413757 prime?
False
Is 25447531331 prime?
True
Is 2803610141 composite?
True
Is 9159672671 prime?
False
Is 11322232063 prime?
True
Is 11608252051 composite?
True
Is 2692793501 a prime number?
False
Is 4733402407 a composite number?
False
Is 908827111 a prime number?
True
Is 17199133283 prime?
True
Is 1002056351 prime?
True
Is 39700823933 prime?
True
Is 10834345399 prime?
True
Is 2331126517 composite?
True
Is 364295649 composite?
True
Is 34471824787 a prime number?
True
Is 2251510403 prime?
False
Is 462618931 composite?
False
Is 16895123571 a prime number?
False
Is 1690417409 composite?
True
Is 38757683717 a prime number?
True
Is 5550121391 a prime number?
True
Is 15829601 a prime number?
False
Is 10977106199 a prime number?
True
Is 1282655281 a prime number?
False
Is 142648125107 prime?
True
Is 57374344757 composite?
True
Is 20504102129 a composite number?
True
Is 1318871563 composite?
True
Is 174913957 prime?
True
Is 60034823 a prime number?
True
Is 202621987 composite?
False
Is 11828505281 a prime number?
False
Is 1089782437 prime?
True
Is 16723945967 composite?
False
Is 3257007601 a prime number?
False
Is 169085027 a composite number?
True
Is 832069327 composite?
True
Is 4142998789 composite?
True
Is 1853531087 a composite number?
False
Is 50120952569 prime?
True
Is 1595056759 a composite number?
False
Is 3567905987 a prime number?
False
Is 77516069 a prime number?
True
Is 75604626481 prime?
False
Is 17194677805 composite?
True
Is 2337196067 prime?
False
Is 9659063129 prime?
True
Is 5360941231 composite?
False
Is 28650820991 a composite number?
True
Is 8658686059 a prime number?
False
Is 13794629111 composite?
False
Is 6795936013 a prime number?
True
Is 1520546681 a composite number?
False
Is 433337479 prime?
False
Is 50008596667 a prime number?
True
Is 1358067439 a prime number?
True
Is 1551394951 a composite number?
False
Is 467373941 a composite number?
False
Is 622204439 prime?
True
Is 22321187341 a prime number?
True
Is 3417676919 a prime number?
False
Is 50393541623 prime?
True
Is 109507070587 prime?
False
Is 320354317 composite?
False
Is 387328831 a prime number?
True
Is 408941387 a prime number?
False
Is 356053883 composite?
False
Is 52597848551 a composite number?
False
Is 151924477 prime?
False
Is 3260547527 composite?
False
Is 17183255497 composite?
False
Is 69026055299 composite?
True
Is 1820223701 prime?
True
Is 151054835377 a composite number?
True
Is 667009613 a prime number?
False
Is 1770602759 composite?
False
Is 1883597189 prime?
True
Is 688084519 prime?
True
Is 341224327 composite?
True
Is 5222867219 composite?
False
Is 1548072397 a composite number?
True
Is 26155252379 composite?
False
Is 10350956911 a prime number?
True
Is 81130799 prime?
True
Is 582445481 a composite number?
True
Is 7871909411 a composite number?
False
Is 4350737357 a composite number?
True
Is 36787366943 composite?
False
Is 1317838097 composite?
True
Is 94356570907 prime?
True
Is 216894229 composite?
False
Is 691984061 composite?
True
Is 1893603773 a composite number?
True
Is 1878801689 prime?
False
Is 1031616529 a prime number?
True
Is 30089407727 prime?
True
Is 20813516377 composite?
False
Is 5651426377 a prime number?
False
Is 3176568347 prime?
True
Is 607097915 composite?
True
Is 3568471867 prime?
False
Is 2107228843 a prime number?
True
Is 554487240269 composite?
True
Is 41981640341 a composite number?
False
Is 15804966641 prime?
True
Is 57005305631 composite?
False
Is 25906229 a composite number?
False
Is 4680434221 composite?
False
Is 317526311 a prime number?
True
Is 16888579067 prime?
True
Is 8316499 a composite number?
True
Is 2040999619 a composite number?
False
Is 135806871353 prime?
False
Is 89673298003 prime?
True
Is 597168373 a prime number?
False
Is 5777590267 a prime number?
False
Is 3718612697 prime?
False
Is 3821531563 a prime number?
True
Is 394720367 a prime number?
True
Is 55523667853 prime?
False
Is 11504733385 a composite number?
True
Is 197857409 prime?
True
Is 5139456173 a composite number?
False
Is 1578357617 a composite number?
False
Is 4218295567 a composite number?
False
Is 403226297 a prime number?
False
Is 18051479 a prime number?
True
Is 55791383 composite?
False
Is 53535031103 a composite number?
True
Is 484090931 a prime number?
True
Is 27754741243 composite?
True
Is 339836141 a prime number?
True
Is 2483532383 composite?
True
Is 43379518879 a composite number?
False
Is 238087541 prime?
True
Is 69232403 a composite number?
True
Is 6939311179 a composite number?
True
Is 1015992629 a prime number?
True
Is 2835108699 composite?
True
Is 2293700477 a prime number?
True
Is 95763337 a composite number?
False
Is 90009763 composite?
False
Is 12503662889 a composite number?
True
Is 1870125659 a prime number?
False
Is 393009494 prime?
False
Is 3045689687 a prime number?
False
Is 181149197 prime?
False
Is 12022360877 a composite number?
False
Is 931935127 prime?
True
Is 428163167 a composite number?
True
Is 104452343 prime?
False
Is 248248529 prime?
True
Is 24848565293 composite?
True
Is 963128587 composite?
False
Is 13204192489 a prime number?
True
Is 1407803921 composite?
True
Is 5171998241 composite?
False
Is 4895309183 composite?
False
Is 213657289